 -4*q + 0*q - a*h = -42, q + 3*h = 18. List the prime factors of q.
3
Let n be 27227/133 + (-4)/(-14). Suppose 19 = -3*m + 4, 0 = 4*c + 3*m - n. Suppose 3*r = -4*x + 3*x + 54, -x - 2*r + c = 0. What are the prime factors of x?
3, 19
Let f be (600/(-72))/(1/(-3)). Suppose -f*u + 1456 = -9*u. What are the prime factors of u?
7, 13
Let m be 7 + -5 + (-2 - -3). Let j(k) = -19*k**2 + 5*k - 12. Let i be j(m). Let l = i + 309. What are the prime factors of l?
3, 47
Let k = -213 - -203. List the prime factors of (1 - (-3 + k))/(2/12).
2, 3, 7
Let l(w) = w**2 - 21*w + 78. Let i be l(23). Suppose -i - 647 = -3*q. What are the prime factors of q?
257
Suppose -28 - 7 = -7*t. Suppose o = 4*k - 3*o - 704, -t*o = 4*k - 722. Suppose k = 5*r - 487. List the prime factors of r.
7, 19
Suppose -24*z = -30*z + 18. Suppose 4*i - 1280 = -3*g, -z*i + 4*g = -407 - 528. What are the prime factors of i?
317
Suppose -25*m + 218500 = 44200. List the prime factors of m.
2, 3, 7, 83
Let f = 15905 + 21238. What are the prime factors of f?
3, 4127
Let s(d) = -224*d**3 - d**2 - 4*d - 5. Let t be s(-2). Let q = t + -1195. What are the prime factors of q?
2, 149
Suppose -3*s + c + 21729 = -7215, -s - 4*c = -9648. Suppose -22*a = 2*a - s. What are the prime factors of a?
2, 3, 67
Let m = 11784 - 6448. List the prime factors of m.
2, 23, 29
What are the prime factors of 7691*(4/12 - 2/(-3))?
7691
Suppose 5*f = -25, 5*f - 10*f - 33 = -2*w. Suppose 3*q - x - 172 = 0, 3*q + w*x - 196 = 1. What are the prime factors of q?
59
Suppose 4*a = q - 16393, 4*q = 19*a - 14*a + 65561. List the prime factors of q.
3, 607
Suppose -24*k = -21*k - 6. Let x be 927*-2*-1*2/6. Suppose -k*d = 4*d - x. List the prime factors of d.
103
Let t be (20/50)/((-6)/5)*-6. Let l(j) = j**3 - j - 4*j**t - 6 + 4*j + 2*j + 4*j. List the prime factors of l(3).
2, 3
Let q(i) = 8*i**2 + 22 - 6*i - 54 + 36. List the prime factors of q(5).
2, 3, 29
Let n(q) = 162*q - 152. Let a be n(5). Suppose -c + a = -305. What are the prime factors of c?
3, 107
Suppose 0 = 4*j, -4*p - j + 1861 = -2171. Let m = -19 + 24. Suppose -m*r + 11*r = p. What are the prime factors of r?
2, 3, 7
Suppose -69*q + 12*q + 1596 = 0. List the prime factors of q.
2, 7
Let o(s) = -312*s**3 + 3*s**2 + 4*s + 19. Let r be o(-3). Suppose -2487 = -11*d + r. What are the prime factors of d?
5, 199
Let i(w) = 5*w**2 - 47*w - 22. Let m be i(10). Suppose 14*r - m*r - 636 = 0. What are the prime factors of r?
2, 53
Let c = 46 + -44. Suppose 0 = -5*w + 2*v + 16, 0 = -2*w + 3*v - c*v + 7. Suppose -3*m - m = -5*z - 327, 4*m - 342 = w*z. What are the prime factors of m?
2, 11
Let u be 5 + (4 - 3 - 3). Suppose -2*w + u*w = 28. What are the prime factors of (-10 + w)*-1*(-14)/2?
2, 3, 7
Let w(r) = r**2 - 3*r - 2. Let j be w(4). Suppose -n = -j*x - 389 - 526, 3600 = 4*n + 4*x. Suppose -8*i - n = -13*i. List the prime factors of i.
181
Suppose 0 = -j - 2*t - 3, 5*j + t = 5*t + 41. Suppose j*a + 256 - 10 = 4*b, 3*b = -3*a + 198. Suppose -65*z + 188 = -b*z. List the prime factors of z.
2, 47
List the prime factors of -2 - 1 - ((-6163)/5 + (-16)/(-10)).
2, 307
Suppose -7*l + 9*l - 300 = 0. Let w = l + -136. List the prime factors of w.
2, 7
Let m(o) = o**3 + 37*o**2 - 14*o - 141. List the prime factors of m(-26).
3, 23, 37
Suppose -3*l - y + 0 + 7 = 0, -2*l - 4*y - 12 = 0. Suppose -12 = -3*k - l*g, -5*k - 4*g - 2 + 22 = 0. Suppose -2 = -k*z + 38. What are the prime factors of z?
2, 5
Suppose 5*l = 4*h - 4643, -h + 2841 + 880 = -4*l. Let d = 1341 + l. Let s = -243 + d. List the prime factors of s.
167
Let p(g) = -g**3 - 12*g**2 - 19*g + 35. Let w be p(-10). Suppose 3*z - w*z = -18326. List the prime factors of z.
7, 17
Let b be (68/153)/((-4)/(-18)). Suppose -d + 400 = -b*h, -5*d + 1991 = -3*h + 2*h. List the prime factors of d.
2, 199
Let a be (3 - (-230)/(-15))*9*-2. Let l = 425 - a. List the prime factors of l.
7, 29
Suppose -136*b = -134*b + j - 88390, -j = b - 44192. List the prime factors of b.
2, 7, 11, 41
Suppose -t - 3*t = b + 427, 3*b - 123 = t. Let c(a) = -3*a**2 + 13*a + 9. Let s be c(8). Let h = s - t. List the prime factors of h.
29
Let r be (2 + -1)*(-231)/7. Let h = r + 38. Suppose 0 = -h*t + 20 + 145. What are the prime factors of t?
3, 11
Let q(s) = 5093*s - 278. What are the prime factors of q(6)?
2, 5, 757
Suppose -378*p = -389*p + 90717. List the prime factors of p.
3, 2749
Let i(z) = 2*z**2 + 9*z - 7. Let s be i(1). Suppose -s = 2*b, 3*p + 9*b - 1683 = 6*b. List the prime factors of p.
563
Suppose 2*x = 3*j - 683, 0 = 2*j - 4*x - 187 - 255. Suppose -t + j = -67. Let n = t - 175. List the prime factors of n.
3, 41
Suppose -346 = 2*u + 1624. Let d = -584 - u. List the prime factors of d.
401
Let u = -34 + 37. Suppose -r + 109 = -3*o + 692, u*o - 563 = -4*r. What are the prime factors of o?
193
Let w(r) = -14*r - 24. Suppose -2*t - 3*m = t + 15, 3*m - 3 = 0. List the prime factors of w(t).
2, 3, 5
Let h = 1734 + -670. List the prime factors of (-5 + (-49)/(-14))*h/(-6).
2, 7, 19
Suppose 10*p - 418 = 29*p. Let c(o) = 2*o**2 - 5*o - 62. List the prime factors of c(p).
2, 127
Suppose f = -4*p - 17, p - 2*p = -3*f + 14. Suppose 0 = -3*c + f*j + 834, 2*c - 2*j - 2*j = 558. List the prime factors of c.
277
Suppose 38 = 5*h - 2. Let t be (10/h)/((18/8)/9). Suppose -t*y = -15, q - 2 = 2*y - 4. List the prime factors of q.
2
Suppose -l = 5 + 1. Let o(x) = -x**3 - x**2 - 15*x - 29. List the prime factors of o(l).
241
Suppose -2*o - m - 7188 = 5213, -5*o = m + 31007. Let j = o - -4407. What are the prime factors of j/(-10) - (-9)/(-6)?
2, 89
Suppose 10 = 2*k, -h + 3 + 21 = 4*k. Suppose 2911 = 5*b - h*g, -8*g + 13*g = -3*b + 1754. What are the prime factors of b?
11, 53
Suppose 5*p = -2*k + 1442, 0*p + 854 = 3*p + 4*k. Let h = p + 49. What are the prime factors of h?
3, 113
Let j(w) = w**2 + 9*w + 20. Let u be j(-6). Suppose i - 938 = 3*g, -u*i + g + 3*g = -1884. Let c = -663 + i. List the prime factors of c.
7, 41
Let z(u) = 25*u + 55. Let t be z(-2). Suppose t*k + 290 - 4975 = 0. List the prime factors of k.
937
Suppose -v + 2 = -4*n - 5, -4*v + 28 = -n. Let s(t) = 23*t + 121. List the prime factors of s(v).
2, 3, 47
Suppose -3*h - 1 = 5*g, 5*h - 4 = h - 4*g. Suppose -3*a - a = 8, -5*a = -h*j + 664. Let x = j + -143. What are the prime factors of x?
3, 5
Let h = -8177 - -11609. What are the prime factors of h?
2, 3, 11, 13
Let k be 20*(12/(-30))/(1 + -2). What are the prime factors of 2/k*2*1866/3?
311
Let j be -99 - 4/(17 - 1)*4. Let r = j - -96. List the prime factors of 4 - (2 - (r + 5)).
3
Let f = -8999 - -14524. What are the prime factors of f?
5, 13, 17
Suppose 23*q + 252 = 37*q. Let r = 353 + q. List the prime factors of r.
7, 53
Suppose 7*h - 35*j + 33*j - 21716 = 0, 0 = 2*h + j - 6214. What are the prime factors of h?
2, 97
Suppose -5*c = 4*j - 2568, -2*j + 3243 = 3*j - 2*c. Let q = j - 439. List the prime factors of q.
2, 13
Let k(j) = 5*j - 93. Let g be k(8). Let u = 60 - g. What are the prime factors of u?
113
Let q be 31/5 + 8/(-40). Let m be (q/(-12) + 1)/((-1)/(-4)). What are the prime factors of (5/m + -1)*(-1070)/(-15)?
107
Let j = 206 - 200. Suppose j*q - 30 = -9*q. List the prime factors of q.
2
Let v(y) = 16*y**3 - 3*y**2 - 3*y + 3. Let w be v(-3). Let p be (-1)/(w/(-222) - 2). Let z = -7 - p. What are the prime factors of z?
67
Suppose -3*c + 9*q - 6*q = -97056, 3*q = -15. What are the prime factors of c?
7, 4621
Let o(z) = z**3 - 9*z**2 + 9*z - 3. Let f be o(8). Suppose -f*j = -5, 3*j - 61 = 4*s + 2*j. What are the prime factors of 3/(s/(-500)) + -1*1?
3, 11
Suppose 0 = -9*t - 31959 + 22792 + 84056. What are the prime factors of t?
53, 157
Let b = 11 + 13. Suppose b*d - 70 = 19*d. Suppose -d*q - 102 = -15*q. What are the prime factors of q?
2, 3, 17
Suppose -22680 = -10*r + 43310. List the prime factors of r.
6599
Let m be 7/(-21)*7*-93. Let g = -202 + m. What are the prime factors of g?
3, 5
What are the prime factors of (-12)/4 - (12 + -1 - 17)*11648?
3, 5, 1553
Let l(h) = 1787*h - 12002. List the prime factors of l(40).
2, 3, 23, 431
Let l be 34/119*(-105)/(-10). Let o(r) = 10*r + 15. Let w be o(12). What are the prime factors of (-1)/(-1) - (l - (w - 1))?
2, 3, 11
Suppose -9*b = 10*b + 3363. Let f = 756 + b. List the prime factors of